the tens digit of p?
5
Let o(u) = 2*u - 21. Let k = -3 - -8. Let f(h) = h - 11. Let s(y) = k*f(y) - 3*o(y). What is the units digit of s(7)?
1
Let s(q) = q - 3. Let r be ((-6)/(-7))/((-1)/(-7)). Let n be s(r). Suppose 2*h - 3 = -4*l + n, 0 = -5*h + l + 59. What is the units digit of h?
1
What is the units digit of -1 - (-61 - (3 + -4))?
9
Suppose -3*v + 0*v - 2*i + 1016 = 0, 0 = -v + 3*i + 357. What is the units digit of v?
2
Suppose -4*x + 0*x = -2*d, -2*x = 5*d - 36. Suppose -d = q + 2*q, 4*q = -2*v + 36. What is the tens digit of v?
2
Let x be (-10)/(-6) - (-5)/15. Let p be (-2)/(-4) + (-11)/x. Let t = p - -13. What is the units digit of t?
8
Let j(v) = -v**3 - 6*v**2 + v - 3. Suppose 2*w - 5*p + 4 = 0, -w - 3 = -p + 2. What is the units digit of j(w)?
9
Let p(o) = -o**2 + 2*o + 3. Let w be p(-3). Let h = -6 - w. Let l = h + -5. What is the units digit of l?
1
Suppose 4*q - 8*q + 20 = 0. Let o(b) = b**2 - 5*b + 3. What is the units digit of o(q)?
3
Let d be 1 - (9/(-3))/1. What is the units digit of 1 - (176/(-4))/d?
2
Suppose 6*r - 217 = 239. What is the units digit of r?
6
Let i = 10 + -7. Let x be 4/i + (-2)/(-3). Suppose -x*r - m = -11, 4*r + 0*r - 7 = -5*m. What is the units digit of r?
8
Suppose -4*j = -4 - 8. Suppose -2 = -j*p + p. What is the units digit of p?
1
Let u = -95 - -173. What is the tens digit of u?
7
What is the hundreds digit of 68/102*(-1014)/(-2)?
3
Suppose 5*l - 3 = t + 20, 3*l + 4*t - 23 = 0. What is the units digit of l?
5
Let u = 8 - 7. What is the units digit of u?
1
Let o(u) be the second derivative of -u**5/20 - 7*u**4/12 - 2*u**2 + 2*u. Let z be o(-6). Let y = 59 + z. What is the units digit of y?
9
Let k(m) = 25*m**3 - m**2 - m + 1. Let a be k(1). Let o = a + -7. What is the tens digit of o?
1
Suppose 0 = 4*d - 6*d + 12. Let y(f) = f**3 - 5*f**2 - 2*f + 12. What is the units digit of y(d)?
6
Let z be -2*((-3)/(-2) - 3). Suppose -t - 3*j + 9 = 0, -4*t + z*j + 0*j + 51 = 0. What is the units digit of t?
2
Suppose u = -3*k + 333 + 46, 0 = 5*k - u - 637. What is the units digit of k?
7
Let u(r) = -2*r + 4. Suppose -4*w - 3*z = 0, -2*w + 2*z = 3*w + 23. What is the tens digit of u(w)?
1
Suppose -3*p - 20 - 7 = 0. Let q(z) = -z + 7. What is the tens digit of q(p)?
1
Suppose -3*t + 4*t + 19 = 0. Let g = -11 - t. What is the units digit of g?
8
Let t = 13 + -8. Suppose -237 + 37 = -t*k. What is the tens digit of k?
4
Let z(o) = -17*o - 9. What is the units digit of z(-3)?
2
Suppose 2*l = -3 + 11. Suppose -l*v - v = -315. Let t = v - 45. What is the tens digit of t?
1
Let r = -2 - -1. Let f(y) = -4*y**3 - y. What is the units digit of f(r)?
5
Suppose -3*i - 2*i = 3*d - 283, -5*d - 4*i + 450 = 0. What is the tens digit of d?
8
Let d(g) be the second derivative of g**5/20 + 5*g**4/6 + 7*g**3/6 + 5*g**2 - 3*g. Let j be d(-9). Let i = j + -15. What is the units digit of i?
3
Let g be (52/6)/((-4)/(-6)). Suppose g = 2*m - 1. What is the units digit of -2 + (-2 - (0 - m))?
3
Suppose g + 0*g = 1. Suppose q + 0 = -4, -5*t + g = q. What is the units digit of t?
1
Let y(h) = h**2 + 2*h - 2. Suppose 3*r = -5*a + 10, 3*r = -2*r + 3*a - 40. What is the tens digit of y(r)?
1
What is the units digit of 22/3 + 28/(-21)?
6
Let s(t) = -t**2 - 16*t + 10. What is the units digit of s(-15)?
5
Let n = 19 + -4. What is the units digit of n?
5
Let a = -8 - -9. Let h be 1 + 0/a - -8. Suppose 0 = 3*g + h - 33. What is the units digit of g?
8
Let q = 24 - 37. Let w = q + 5. What is the units digit of (w/12)/(4/(-30))?
5
Let d = 120 + -86. What is the units digit of d?
4
Let v(z) = -z**2 - 2*z + 4. Let s(d) = -2*d**2 - 3*d + 5. Let g(j) = -3*s(j) + 4*v(j). Let c be g(-1). Suppose -c*f = -3*f + 10. What is the tens digit of f?
1
Let b(x) = x**3 + 7*x**2 + 5. Suppose 3*r - 9 = 3. Suppose 4*i + 24 = -r*y, 2*i - 19 - 4 = 3*y. What is the units digit of b(y)?
5
Suppose 2*m + 0 = 4. Let s(j) = 0*j**2 + 0*j**2 - 4*j + 2*j**m - 3*j**2 - 2. What is the units digit of s(-3)?
1
Let g(j) = j - 3. Let f be (-2 - (-1 + -2))*0. Let i be g(f). Let m = -1 - i. What is the units digit of m?
2
Let l(z) = 3*z**3 - z**2 + 4*z - 3. Let n be l(2). Suppose h = 3*h. Suppose h = -4*d - 5 + n. What is the units digit of d?
5
Let a(g) = -g**2 - 2*g - 2. Let i be a(-3). Let h = -1 - -2. Let z = h - i. What is the units digit of z?
6
What is the tens digit of (-128)/(-8) + (1 - -2)?
1
Let u = 16 + -11. Let g(q) = -q**3 - 3*q**2 + 4*q. Let v be g(-4). Let n = u - v. What is the units digit of n?
5
Suppose -4*v - 34 = -k, -5*k + 3*v + 196 - 26 = 0. What is the units digit of k?
4
Suppose 23 - 7 = 4*p. Suppose -d + 55 = p*x, -d + 4 = -x + 14. Let v = x + -6. What is the units digit of v?
7
Suppose -5*l = 9*l - 938. What is the tens digit of l?
6
Let z be (4/(-3) - 0)*-24. Let q(p) = p**2 - 5*p + 3. Let l be q(5). Suppose -4*y - n = -4*n - 51, l*y + 4*n = z. What is the units digit of y?
2
Let x = 0 + -1. Let s = x + 2. What is the units digit of s?
1
What is the units digit of (4 + -1)*(-5)/(-15)?
1
Let m(i) = 2*i + 6. Let f be m(-4). Let h(b) = -2*b + b + b**3 - 3*b**3 - 2 - 3*b**2. What is the units digit of h(f)?
4
Let j = 145 - 86. What is the tens digit of j?
5
Let p(s) = -s**3 + 2*s**2 + 4*s - 1. Let v be p(3). Let w(x) = -1 + 6*x - 10*x**v + 2*x + x**3 - 7*x. What is the units digit of w(10)?
9
Suppose 4*n - 2*n - 92 = 0. What is the units digit of n?
6
Let w(v) = -1 - v - 2 + 1. Let c be 33/(-4) - 1/(-4). What is the units digit of w(c)?
6
Let i = 32 - 20. What is the units digit of i?
2
Suppose p - 3*p = -2*o - 4, -1 = -o. Suppose p*z = -2*z - g - 12, 15 = -3*z + 2*g. Let c(u) = -u**2 - 6*u + 3. What is the tens digit of c(z)?
1
Let a = 12 - 6. What is the units digit of a?
6
Let d be (-2)/13 - 41/(-13). Suppose 0 = -0*c + c - d. What is the units digit of c?
3
Suppose 1 = 3*b - 38. What is the tens digit of b?
1
Let y(w) = -w + 11. Let u be 106/10 - (-3)/(-5). What is the units digit of y(u)?
1
Let j be (-2)/(-2)*2 - -3. Suppose -b = -j*b. Suppose b = 2*g + 5*d - 5, 4*d - 18 = -7*g + 4*g. What is the units digit of g?
0
Let b(u) be the second derivative of 0 + 1/2*u**4 - 1/20*u**5 + 4*u + 7/2*u**2 - 1/6*u**3. What is the units digit of b(6)?
1
Let t be 0*-2*2/(-8). Suppose 4*m - 52 = -3*r - m, 0 = 4*r - 4*m - 16. Suppose -3*x = -t*x - r. What is the units digit of x?
3
Suppose 5*i - 5*u - 4 = 3*i, -i + 3*u + 2 = 0. Suppose 0*f + 56 = i*f. What is the units digit of f?
8
Let s = -20 + 38. What is the units digit of s?
8
Let m = 3 - 4. Let c = 0 + m. Let n = c - -3. What is the units digit of n?
2
Let z(j) = -j**2 - 13*j + 3. What is the tens digit of z(-10)?
3
What is the units digit of (-74)/4*-2*2?
4
Let s(u) = -u + 11. Let l be s(7). Let c(o) = o**2 - 2. What is the tens digit of c(l)?
1
Let d(p) = -39*p**2 - 8*p + 8. Let h(o) = 78*o**2 + 15*o - 15. Let f(s) = 11*d(s) + 6*h(s). What is the units digit of f(1)?
9
What is the tens digit of (0 + -82)*9/(-18)?
4
Suppose 2*d + 140 = u + 41, 196 = 2*u - 2*d. What is the units digit of u?
7
Let t = -43 - -94. What is the units digit of t?
1
Suppose 2*i + 1 = q, -3*i + 2 = -2*q + 3. Let a = i - -3. Suppose -5*s = a*g - 3*s - 8, 16 = g - 5*s. What is the units digit of g?
6
Let t(p) = 31*p + 1. Let b be t(-3). What is the tens digit of 3/2*b/(-6)?
2
What is the tens digit of 60/3*38/4?
9
Suppose 3*r + r = -20, 4*d + 2*r + 34 = 0. Let i = d - -15. What is the units digit of i?
9
Suppose -4*y = 5*u + 5, y = u - 1 - 7. What is the tens digit of (30/(-3))/(-1) + u?
1
Let n(w) = -3*w**2 + 4. Let j be n(-3). Let h = j - -33. Let f = h + 0. What is the tens digit of f?
1
Let l = 23 - 9. Let g = 2 - -1. Suppose -10 = -g*o + l. What is the units digit of o?
8
Let z(q) be the third derivative of -q**6/30 - q**4/12 - q**3/6 - q**2. What is the units digit of z(-1)?
5
Suppose 0 = 7*i - 2*i - 15. Suppose 11 = 2*l - i*n, 3*l - n - 33 = -13. What is the units digit of l?
7
Suppose -q - 4*q + 20 = 0. Suppose -18 + 6 = -3*t, -6 = 5*z - q*t. Suppose -z*j + 5*j + 21 = 3*k, 0 = 4*j. What is the units digit of k?
7
Suppose 0 = -9*g + 642 + 2166. What is the hundreds digit of g?
3
Let p = -166 + 284. What is the units digit of p?
8
Let x = 6 - 15. What is the units digit of 6/2*1 - x?
2
What is the tens digit of 5 + 3 + (7 - 4)?
1
Suppose -2